{"id":2081,"date":"2020-06-24T16:08:20","date_gmt":"2020-06-24T21:08:20","guid":{"rendered":"https:\/\/stelizabethfoundation.org\/nuestro-personal\/"},"modified":"2024-03-06T17:24:45","modified_gmt":"2024-03-06T22:24:45","slug":"nuestro-personal","status":"publish","type":"page","link":"https:\/\/stelizabethfoundation.org\/es\/acerca-de-la-fundacion-st-elizabeth\/nuestro-personal\/","title":{"rendered":"Nuestro personal"},"content":{"rendered":"","protected":false},"excerpt":{"rendered":"","protected":false},"author":1,"featured_media":0,"parent":2098,"menu_order":0,"comment_status":"closed","ping_status":"closed","template":"page-templates\/team.php","meta":{"_acf_changed":false,"_monsterinsights_skip_tracking":false,"_monsterinsights_sitenote_active":false,"_monsterinsights_sitenote_note":"","_monsterinsights_sitenote_category":0,"footnotes":""},"class_list":["post-2081","page","type-page","status-publish","hentry"],"acf":[],"yoast_head":"<!-- This site is optimized with the Yoast SEO plugin v27.5 - https:\/\/yoast.com\/product\/yoast-seo-wordpress\/ -->\n<title>Nuestro personal - St. Elizabeth Foundation<\/title>\n<meta name=\"description\" content=\"Ya sea que sea una familia adoptiva para una madre biol\u00f3gica, nuestro personal est\u00e1 aqu\u00ed para usted en cada paso de su viaje. Nuestra misi\u00f3n es tratarte como si fueras de la familia.\" \/>\n<meta name=\"robots\" content=\"noindex, nofollow\" \/>\n<meta property=\"og:locale\" content=\"es_ES\" \/>\n<meta property=\"og:type\" content=\"article\" \/>\n<meta property=\"og:title\" content=\"Nuestro personal - St. Elizabeth Foundation\" \/>\n<meta property=\"og:description\" content=\"Ya sea que sea una familia adoptiva para una madre biol\u00f3gica, nuestro personal est\u00e1 aqu\u00ed para usted en cada paso de su viaje. Nuestra misi\u00f3n es tratarte como si fueras de la familia.\" \/>\n<meta property=\"og:url\" content=\"https:\/\/stelizabethfoundation.org\/es\/acerca-de-la-fundacion-st-elizabeth\/nuestro-personal\/\" \/>\n<meta property=\"og:site_name\" content=\"St. Elizabeth Foundation\" \/>\n<meta property=\"article:publisher\" content=\"https:\/\/www.facebook.com\/stelizabethfoundation\/\" \/>\n<meta property=\"article:modified_time\" content=\"2024-03-06T22:24:45+00:00\" \/>\n<meta name=\"twitter:card\" content=\"summary_large_image\" \/>\n<meta name=\"twitter:site\" content=\"@stelizabeth88\" \/>\n<script type=\"application\/ld+json\" class=\"yoast-schema-graph\">{\"@context\":\"https:\\\/\\\/schema.org\",\"@graph\":[{\"@type\":\"WebPage\",\"@id\":\"https:\\\/\\\/stelizabethfoundation.org\\\/es\\\/acerca-de-la-fundacion-st-elizabeth\\\/nuestro-personal\\\/\",\"url\":\"https:\\\/\\\/stelizabethfoundation.org\\\/es\\\/acerca-de-la-fundacion-st-elizabeth\\\/nuestro-personal\\\/\",\"name\":\"Nuestro personal - St. Elizabeth Foundation\",\"isPartOf\":{\"@id\":\"https:\\\/\\\/stelizabethfoundation.org\\\/es\\\/#website\"},\"datePublished\":\"2020-06-24T21:08:20+00:00\",\"dateModified\":\"2024-03-06T22:24:45+00:00\",\"description\":\"Ya sea que sea una familia adoptiva para una madre biol\u00f3gica, nuestro personal est\u00e1 aqu\u00ed para usted en cada paso de su viaje. Nuestra misi\u00f3n es tratarte como si fueras de la familia.\",\"breadcrumb\":{\"@id\":\"https:\\\/\\\/stelizabethfoundation.org\\\/es\\\/acerca-de-la-fundacion-st-elizabeth\\\/nuestro-personal\\\/#breadcrumb\"},\"inLanguage\":\"es\",\"potentialAction\":[{\"@type\":\"ReadAction\",\"target\":[\"https:\\\/\\\/stelizabethfoundation.org\\\/es\\\/acerca-de-la-fundacion-st-elizabeth\\\/nuestro-personal\\\/\"]}]},{\"@type\":\"BreadcrumbList\",\"@id\":\"https:\\\/\\\/stelizabethfoundation.org\\\/es\\\/acerca-de-la-fundacion-st-elizabeth\\\/nuestro-personal\\\/#breadcrumb\",\"itemListElement\":[{\"@type\":\"ListItem\",\"position\":1,\"name\":\"Home\",\"item\":\"https:\\\/\\\/stelizabethfoundation.org\\\/es\\\/esta-embarazada\\\/\"},{\"@type\":\"ListItem\",\"position\":2,\"name\":\"Acerca de la Fundaci\u00f3n St. Elizabeth\",\"item\":\"https:\\\/\\\/stelizabethfoundation.org\\\/es\\\/acerca-de-la-fundacion-st-elizabeth\\\/\"},{\"@type\":\"ListItem\",\"position\":3,\"name\":\"Private: Nuestro personal\"}]},{\"@type\":\"WebSite\",\"@id\":\"https:\\\/\\\/stelizabethfoundation.org\\\/es\\\/#website\",\"url\":\"https:\\\/\\\/stelizabethfoundation.org\\\/es\\\/\",\"name\":\"St. Elizabeth Foundation\",\"description\":\"Louisiana Adoption Agency Unplanned Pregnancy\",\"publisher\":{\"@id\":\"https:\\\/\\\/stelizabethfoundation.org\\\/es\\\/#organization\"},\"potentialAction\":[{\"@type\":\"SearchAction\",\"target\":{\"@type\":\"EntryPoint\",\"urlTemplate\":\"https:\\\/\\\/stelizabethfoundation.org\\\/es\\\/?s={search_term_string}\"},\"query-input\":{\"@type\":\"PropertyValueSpecification\",\"valueRequired\":true,\"valueName\":\"search_term_string\"}}],\"inLanguage\":\"es\"},{\"@type\":\"Organization\",\"@id\":\"https:\\\/\\\/stelizabethfoundation.org\\\/es\\\/#organization\",\"name\":\"St. Elizabeth Foundation\",\"url\":\"https:\\\/\\\/stelizabethfoundation.org\\\/es\\\/\",\"logo\":{\"@type\":\"ImageObject\",\"inLanguage\":\"es\",\"@id\":\"https:\\\/\\\/stelizabethfoundation.org\\\/es\\\/#\\\/schema\\\/logo\\\/image\\\/\",\"url\":\"https:\\\/\\\/stelizabethfoundation.org\\\/wp-content\\\/uploads\\\/2020\\\/06\\\/StElizabeth_Logo_01.svg\",\"contentUrl\":\"https:\\\/\\\/stelizabethfoundation.org\\\/wp-content\\\/uploads\\\/2020\\\/06\\\/StElizabeth_Logo_01.svg\",\"width\":240,\"height\":68,\"caption\":\"St. Elizabeth Foundation\"},\"image\":{\"@id\":\"https:\\\/\\\/stelizabethfoundation.org\\\/es\\\/#\\\/schema\\\/logo\\\/image\\\/\"},\"sameAs\":[\"https:\\\/\\\/www.facebook.com\\\/stelizabethfoundation\\\/\",\"https:\\\/\\\/x.com\\\/stelizabeth88\",\"https:\\\/\\\/www.instagram.com\\\/saintelizabeth88\\\/\"]}]}<\/script>\n<!-- \/ Yoast SEO plugin. -->","yoast_head_json":{"title":"Nuestro personal - St. Elizabeth Foundation","description":"Ya sea que sea una familia adoptiva para una madre biol\u00f3gica, nuestro personal est\u00e1 aqu\u00ed para usted en cada paso de su viaje. Nuestra misi\u00f3n es tratarte como si fueras de la familia.","robots":{"index":"noindex","follow":"nofollow"},"og_locale":"es_ES","og_type":"article","og_title":"Nuestro personal - St. Elizabeth Foundation","og_description":"Ya sea que sea una familia adoptiva para una madre biol\u00f3gica, nuestro personal est\u00e1 aqu\u00ed para usted en cada paso de su viaje. Nuestra misi\u00f3n es tratarte como si fueras de la familia.","og_url":"https:\/\/stelizabethfoundation.org\/es\/acerca-de-la-fundacion-st-elizabeth\/nuestro-personal\/","og_site_name":"St. Elizabeth Foundation","article_publisher":"https:\/\/www.facebook.com\/stelizabethfoundation\/","article_modified_time":"2024-03-06T22:24:45+00:00","twitter_card":"summary_large_image","twitter_site":"@stelizabeth88","schema":{"@context":"https:\/\/schema.org","@graph":[{"@type":"WebPage","@id":"https:\/\/stelizabethfoundation.org\/es\/acerca-de-la-fundacion-st-elizabeth\/nuestro-personal\/","url":"https:\/\/stelizabethfoundation.org\/es\/acerca-de-la-fundacion-st-elizabeth\/nuestro-personal\/","name":"Nuestro personal - St. Elizabeth Foundation","isPartOf":{"@id":"https:\/\/stelizabethfoundation.org\/es\/#website"},"datePublished":"2020-06-24T21:08:20+00:00","dateModified":"2024-03-06T22:24:45+00:00","description":"Ya sea que sea una familia adoptiva para una madre biol\u00f3gica, nuestro personal est\u00e1 aqu\u00ed para usted en cada paso de su viaje. Nuestra misi\u00f3n es tratarte como si fueras de la familia.","breadcrumb":{"@id":"https:\/\/stelizabethfoundation.org\/es\/acerca-de-la-fundacion-st-elizabeth\/nuestro-personal\/#breadcrumb"},"inLanguage":"es","potentialAction":[{"@type":"ReadAction","target":["https:\/\/stelizabethfoundation.org\/es\/acerca-de-la-fundacion-st-elizabeth\/nuestro-personal\/"]}]},{"@type":"BreadcrumbList","@id":"https:\/\/stelizabethfoundation.org\/es\/acerca-de-la-fundacion-st-elizabeth\/nuestro-personal\/#breadcrumb","itemListElement":[{"@type":"ListItem","position":1,"name":"Home","item":"https:\/\/stelizabethfoundation.org\/es\/esta-embarazada\/"},{"@type":"ListItem","position":2,"name":"Acerca de la Fundaci\u00f3n St. Elizabeth","item":"https:\/\/stelizabethfoundation.org\/es\/acerca-de-la-fundacion-st-elizabeth\/"},{"@type":"ListItem","position":3,"name":"Private: Nuestro personal"}]},{"@type":"WebSite","@id":"https:\/\/stelizabethfoundation.org\/es\/#website","url":"https:\/\/stelizabethfoundation.org\/es\/","name":"St. Elizabeth Foundation","description":"Louisiana Adoption Agency Unplanned Pregnancy","publisher":{"@id":"https:\/\/stelizabethfoundation.org\/es\/#organization"},"potentialAction":[{"@type":"SearchAction","target":{"@type":"EntryPoint","urlTemplate":"https:\/\/stelizabethfoundation.org\/es\/?s={search_term_string}"},"query-input":{"@type":"PropertyValueSpecification","valueRequired":true,"valueName":"search_term_string"}}],"inLanguage":"es"},{"@type":"Organization","@id":"https:\/\/stelizabethfoundation.org\/es\/#organization","name":"St. Elizabeth Foundation","url":"https:\/\/stelizabethfoundation.org\/es\/","logo":{"@type":"ImageObject","inLanguage":"es","@id":"https:\/\/stelizabethfoundation.org\/es\/#\/schema\/logo\/image\/","url":"https:\/\/stelizabethfoundation.org\/wp-content\/uploads\/2020\/06\/StElizabeth_Logo_01.svg","contentUrl":"https:\/\/stelizabethfoundation.org\/wp-content\/uploads\/2020\/06\/StElizabeth_Logo_01.svg","width":240,"height":68,"caption":"St. Elizabeth Foundation"},"image":{"@id":"https:\/\/stelizabethfoundation.org\/es\/#\/schema\/logo\/image\/"},"sameAs":["https:\/\/www.facebook.com\/stelizabethfoundation\/","https:\/\/x.com\/stelizabeth88","https:\/\/www.instagram.com\/saintelizabeth88\/"]}]}},"_links":{"self":[{"href":"https:\/\/stelizabethfoundation.org\/es\/wp-json\/wp\/v2\/pages\/2081","targetHints":{"allow":["GET"]}}],"collection":[{"href":"https:\/\/stelizabethfoundation.org\/es\/wp-json\/wp\/v2\/pages"}],"about":[{"href":"https:\/\/stelizabethfoundation.org\/es\/wp-json\/wp\/v2\/types\/page"}],"author":[{"embeddable":true,"href":"https:\/\/stelizabethfoundation.org\/es\/wp-json\/wp\/v2\/users\/1"}],"replies":[{"embeddable":true,"href":"https:\/\/stelizabethfoundation.org\/es\/wp-json\/wp\/v2\/comments?post=2081"}],"version-history":[{"count":0,"href":"https:\/\/stelizabethfoundation.org\/es\/wp-json\/wp\/v2\/pages\/2081\/revisions"}],"up":[{"embeddable":true,"href":"https:\/\/stelizabethfoundation.org\/es\/wp-json\/wp\/v2\/pages\/2098"}],"wp:attachment":[{"href":"https:\/\/stelizabethfoundation.org\/es\/wp-json\/wp\/v2\/media?parent=2081"}],"curies":[{"name":"wp","href":"https:\/\/api.w.org\/{rel}","templated":true}]}}

<!-- This site is optimized with the Yoast SEO plugin v27.5 - https://yoast.com/product/yoast-seo-wordpress/ -->
<title>Nuestro personal - St. Elizabeth Foundation</title>
<meta name="description" content="Ya sea que sea una familia adoptiva para una madre biológica, nuestro personal está aquí para usted en cada paso de su viaje. Nuestra misión es tratarte como si fueras de la familia." />
<meta name="robots" content="noindex, nofollow" />
<meta property="og:locale" content="es_ES" />
<meta property="og:type" content="article" />
<meta property="og:title" content="Nuestro personal - St. Elizabeth Foundation" />
<meta property="og:description" content="Ya sea que sea una familia adoptiva para una madre biológica, nuestro personal está aquí para usted en cada paso de su viaje. Nuestra misión es tratarte como si fueras de la familia." />
<meta property="og:url" content="https://stelizabethfoundation.org/es/acerca-de-la-fundacion-st-elizabeth/nuestro-personal/" />
<meta property="og:site_name" content="St. Elizabeth Foundation" />
<meta property="article:publisher" content="https://www.facebook.com/stelizabethfoundation/" />
<meta property="article:modified_time" content="2024-03-06T22:24:45+00:00" />
<meta name="twitter:card" content="summary_large_image" />
<meta name="twitter:site" content="@stelizabeth88" />
<script type="application/ld+json" class="yoast-schema-graph">{"@context":"https:\/\/schema.org","@graph":[{"@type":"WebPage","@id":"https:\/\/stelizabethfoundation.org\/es\/acerca-de-la-fundacion-st-elizabeth\/nuestro-personal\/","url":"https:\/\/stelizabethfoundation.org\/es\/acerca-de-la-fundacion-st-elizabeth\/nuestro-personal\/","name":"Nuestro personal - St. Elizabeth Foundation","isPartOf":{"@id":"https:\/\/stelizabethfoundation.org\/es\/#website"},"datePublished":"2020-06-24T21:08:20+00:00","dateModified":"2024-03-06T22:24:45+00:00","description":"Ya sea que sea una familia adoptiva para una madre biológica, nuestro personal está aquí para usted en cada paso de su viaje. Nuestra misión es tratarte como si fueras de la familia.","breadcrumb":{"@id":"https:\/\/stelizabethfoundation.org\/es\/acerca-de-la-fundacion-st-elizabeth\/nuestro-personal\/#breadcrumb"},"inLanguage":"es","potentialAction":[{"@type":"ReadAction","target":["https:\/\/stelizabethfoundation.org\/es\/acerca-de-la-fundacion-st-elizabeth\/nuestro-personal\/"]}]},{"@type":"BreadcrumbList","@id":"https:\/\/stelizabethfoundation.org\/es\/acerca-de-la-fundacion-st-elizabeth\/nuestro-personal\/#breadcrumb","itemListElement":[{"@type":"ListItem","position":1,"name":"Home","item":"https:\/\/stelizabethfoundation.org\/es\/esta-embarazada\/"},{"@type":"ListItem","position":2,"name":"Acerca de la Fundación St. Elizabeth","item":"https:\/\/stelizabethfoundation.org\/es\/acerca-de-la-fundacion-st-elizabeth\/"},{"@type":"ListItem","position":3,"name":"Private: Nuestro personal"}]},{"@type":"WebSite","@id":"https:\/\/stelizabethfoundation.org\/es\/#website","url":"https:\/\/stelizabethfoundation.org\/es\/","name":"St. Elizabeth Foundation","description":"Louisiana Adoption Agency Unplanned Pregnancy","publisher":{"@id":"https:\/\/stelizabethfoundation.org\/es\/#organization"},"potentialAction":[{"@type":"SearchAction","target":{"@type":"EntryPoint","urlTemplate":"https:\/\/stelizabethfoundation.org\/es\/?s={search_term_string}"},"query-input":{"@type":"PropertyValueSpecification","valueRequired":true,"valueName":"search_term_string"}}],"inLanguage":"es"},{"@type":"Organization","@id":"https:\/\/stelizabethfoundation.org\/es\/#organization","name":"St. Elizabeth Foundation","url":"https:\/\/stelizabethfoundation.org\/es\/","logo":{"@type":"ImageObject","inLanguage":"es","@id":"https:\/\/stelizabethfoundation.org\/es\/#\/schema\/logo\/image\/","url":"https:\/\/stelizabethfoundation.org\/wp-content\/uploads\/2020\/06\/StElizabeth_Logo_01.svg","contentUrl":"https:\/\/stelizabethfoundation.org\/wp-content\/uploads\/2020\/06\/StElizabeth_Logo_01.svg","width":240,"height":68,"caption":"St. Elizabeth Foundation"},"image":{"@id":"https:\/\/stelizabethfoundation.org\/es\/#\/schema\/logo\/image\/"},"sameAs":["https:\/\/www.facebook.com\/stelizabethfoundation\/","https:\/\/x.com\/stelizabeth88","https:\/\/www.instagram.com\/saintelizabeth88\/"]}]}</script>
<!-- / Yoast SEO plugin. -->

Ya sea que sea una familia adoptiva para una madre biológica, nuestro personal está aquí para usted en cada paso de su viaje. Nuestra misión es tratarte como si fueras de la familia.

Acerca de la Fundación St. Elizabeth
